{"id":24,"date":"2016-08-17T17:32:32","date_gmt":"2016-08-17T14:32:32","guid":{"rendered":"http:\/\/www.camiyazilari.com\/?page_id=24"},"modified":"2017-09-07T12:07:29","modified_gmt":"2017-09-07T09:07:29","slug":"hakkimizda","status":"publish","type":"page","link":"http:\/\/www.camiyazilari.com\/?page_id=24","title":{"rendered":"Hakk\u0131m\u0131zda"},"content":{"rendered":"<p><img loading=\"lazy\" class=\"alignnone size-medium wp-image-29\" src=\"http:\/\/www.camiyazilari.com\/wp-content\/uploads\/2016\/08\/100_1523-300x225.jpg\" alt=\"100_1523\" width=\"300\" height=\"225\" srcset=\"http:\/\/www.camiyazilari.com\/wp-content\/uploads\/2016\/08\/100_1523-300x225.jpg 300w, http:\/\/www.camiyazilari.com\/wp-content\/uploads\/2016\/08\/100_1523-768x576.jpg 768w, http:\/\/www.camiyazilari.com\/wp-content\/uploads\/2016\/08\/100_1523-1024x768.jpg 1024w\" sizes=\"(max-width: 300px) 100vw, 300px\" \/><\/p>\n<p>Ben Cafer Y\u0131lmaz.<\/p>\n<p>1950 Hatay do\u011fumluyum, Sivasl\u0131y\u0131m.\u00a0\u00dc\u00e7 o\u011ful babas\u0131, iki torun dedesiyim.<\/p>\n<p>Baba mesle\u011fi dolay\u0131s\u0131 ile\u00a0ilk ve orta \u00f6\u011frenimimi muhtelif \u015fehirlerde tamamlad\u0131m. Astsubayl\u0131k mesle\u011finden 1994 y\u0131l\u0131nda emekli oldum. Memuriyetim s\u0131ras\u0131nda, sitemizde g\u00f6rd\u00fc\u011f\u00fcn\u00fcz\u00a0\u00e7al\u0131\u015fmalar\u0131mla, bir hobi olarak ilgilenmekte\u00a0idim. Emekli olduktan sonra\u00a0\u00e7al\u0131\u015fmalar\u0131m\u0131\u00a0profesyonel olarak icra etmeye ba\u015flad\u0131m.<\/p>\n<p>\u00dclkemizin de\u011fi\u015fik \u015fehirlerinde bulunan camilerinde, eserlerime de\u011fer veren pek \u00e7ok insan\u0131n da ev ve i\u015f yerlerinde bir\u00e7ok eserim bulunmaktad\u0131r. Yapt\u0131\u011f\u0131m i\u015fe \u00e7ok de\u011fer veriyor ve her bir \u00e7al\u0131\u015fmam\u0131n \u00fczerinde yo\u011fun bir emek\u00a0sarf ediyorum. Bu i\u015f benim i\u00e7in hala bir hobi tad\u0131nda devam etmekte oldu\u011fu i\u00e7in i\u015fimi seviyorum.<\/p>\n","protected":false},"excerpt":{"rendered":"<p>Ben Cafer Y\u0131lmaz. 1950 Hatay do\u011fumluyum, Sivasl\u0131y\u0131m.\u00a0\u00dc\u00e7 o\u011ful babas\u0131, iki torun dedesiyim. Baba mesle\u011fi dolay\u0131s\u0131 ile\u00a0ilk ve orta \u00f6\u011frenimimi muhtelif \u015fehirlerde tamamlad\u0131m. Astsubayl\u0131k mesle\u011finden 1994 y\u0131l\u0131nda emekli oldum. Memuriyetim s\u0131ras\u0131nda, sitemizde g\u00f6rd\u00fc\u011f\u00fcn\u00fcz\u00a0\u00e7al\u0131\u015fmalar\u0131mla, bir hobi olarak ilgilenmekte\u00a0idim. Emekli olduktan sonra\u00a0\u00e7al\u0131\u015fmalar\u0131m\u0131\u00a0profesyonel olarak icra etmeye ba\u015flad\u0131m. \u00dclkemizin de\u011fi\u015fik \u015fehirlerinde bulunan camilerinde, eserlerime de\u011fer veren pek \u00e7ok insan\u0131n da &hellip; <a href=\"http:\/\/www.camiyazilari.com\/?page_id=24\" class=\"more-link\"><span class=\"screen-reader-text\">Hakk\u0131m\u0131zda<\/span> yaz\u0131s\u0131na devam et <span class=\"meta-nav\">&rarr;<\/span><\/a><\/p>\n","protected":false},"author":1,"featured_media":0,"parent":0,"menu_order":0,"comment_status":"closed","ping_status":"closed","template":"","meta":[],"_links":{"self":[{"href":"http:\/\/www.camiyazilari.com\/index.php?rest_route=\/wp\/v2\/pages\/24"}],"collection":[{"href":"http:\/\/www.camiyazilari.com\/index.php?rest_route=\/wp\/v2\/pages"}],"about":[{"href":"http:\/\/www.camiyazilari.com\/index.php?rest_route=\/wp\/v2\/types\/page"}],"author":[{"embeddable":true,"href":"http:\/\/www.camiyazilari.com\/index.php?rest_route=\/wp\/v2\/users\/1"}],"replies":[{"embeddable":true,"href":"http:\/\/www.camiyazilari.com\/index.php?rest_route=%2Fwp%2Fv2%2Fcomments&post=24"}],"version-history":[{"count":4,"href":"http:\/\/www.camiyazilari.com\/index.php?rest_route=\/wp\/v2\/pages\/24\/revisions"}],"predecessor-version":[{"id":162,"href":"http:\/\/www.camiyazilari.com\/index.php?rest_route=\/wp\/v2\/pages\/24\/revisions\/162"}],"wp:attachment":[{"href":"http:\/\/www.camiyazilari.com\/index.php?rest_route=%2Fwp%2Fv2%2Fmedia&parent=24"}],"curies":[{"name":"wp","href":"https:\/\/api.w.org\/{rel}","templated":true}]}}