{"id":2,"date":"2016-08-17T16:08:30","date_gmt":"2016-08-17T13:08:30","guid":{"rendered":"http:\/\/www.camiyazilari.com\/?page_id=2"},"modified":"2017-09-07T15:37:04","modified_gmt":"2017-09-07T12:37:04","slug":"ornek-sayfa","status":"publish","type":"page","link":"http:\/\/www.camiyazilari.com\/?page_id=2","title":{"rendered":"\u0130leti\u015fim"},"content":{"rendered":"<p>Y\u0131lmaz Reklam<\/p>\n<p>Cafer Y\u0131lmaz: \u00a0 \u00a0 \u00a0 \u00a0 \u00a0 \u00a0 \u00a0 \u00a0 \u00a0 \u00a0 \u00a0 \u00a0 \u00a0 \u00a0 \u00a0 \u00a0 \u00a0 \u00a0 \u00a0 \u00a0 \u00a0 \u00a0 \u00a0 \u00a0 \u00a0 \u00a0 \u00a0 \u00a0 \u00a0 \u00a0 \u00a0 \u00a0 \u00a0 \u00a0 \u00a0 \u00a0 \u00a0 \u00a0 \u00a0 \u00a0 \u00a0 Gsm: 0 537 768 02 64<\/p>\n<p>Adres:<br \/>\nFatih Caddesi No:147\/h Ke\u00e7iren \/ Ankara<\/p>\n<p>Mail: lovent23@gmail.com<\/p>\n<p>Cami Tak\u0131mlar\u0131<br \/>\nMihrab Ayeti<br \/>\nHediyelik \u00c7er\u00e7eveler<br \/>\nH\u00fcsn-\u00fc Hat ve Tezhib<br \/>\nKaligrafik Yaz\u0131lar<\/p>\n<p>I\u015f\u0131kl\u0131 ve I\u015f\u0131ks\u0131z Tabela<br \/>\nAl\u00fcminyum Dekupe<br \/>\nKarayolu Tabelas\u0131<br \/>\n\u00c7at\u0131 ve Duvar Reklamlar\u0131<br \/>\nBilgisayar Destekli\u00a0Folyo Kesimi<br \/>\nDijital Bask\u0131 &#8211; Branda Afi\u015f<\/p>\n<p>&nbsp;<\/p>\n","protected":false},"excerpt":{"rendered":"<p>Y\u0131lmaz Reklam Cafer Y\u0131lmaz: \u00a0 \u00a0 \u00a0 \u00a0 \u00a0 \u00a0 \u00a0 \u00a0 \u00a0 \u00a0 \u00a0 \u00a0 \u00a0 \u00a0 \u00a0 \u00a0 \u00a0 \u00a0 \u00a0 \u00a0 \u00a0 \u00a0 \u00a0 \u00a0 \u00a0 \u00a0 \u00a0 \u00a0 \u00a0 \u00a0 \u00a0 \u00a0 \u00a0 \u00a0 \u00a0 \u00a0 \u00a0 \u00a0 \u00a0 \u00a0 \u00a0 Gsm: 0 537 768 02 64 Adres: Fatih Caddesi No:147\/h &hellip; <a href=\"http:\/\/www.camiyazilari.com\/?page_id=2\" class=\"more-link\"><span class=\"screen-reader-text\">\u0130leti\u015fim<\/span> yaz\u0131s\u0131na devam et <span class=\"meta-nav\">&rarr;<\/span><\/a><\/p>\n","protected":false},"author":1,"featured_media":0,"parent":0,"menu_order":0,"comment_status":"closed","ping_status":"open","template":"","meta":[],"_links":{"self":[{"href":"http:\/\/www.camiyazilari.com\/index.php?rest_route=\/wp\/v2\/pages\/2"}],"collection":[{"href":"http:\/\/www.camiyazilari.com\/index.php?rest_route=\/wp\/v2\/pages"}],"about":[{"href":"http:\/\/www.camiyazilari.com\/index.php?rest_route=\/wp\/v2\/types\/page"}],"author":[{"embeddable":true,"href":"http:\/\/www.camiyazilari.com\/index.php?rest_route=\/wp\/v2\/users\/1"}],"replies":[{"embeddable":true,"href":"http:\/\/www.camiyazilari.com\/index.php?rest_route=%2Fwp%2Fv2%2Fcomments&post=2"}],"version-history":[{"count":6,"href":"http:\/\/www.camiyazilari.com\/index.php?rest_route=\/wp\/v2\/pages\/2\/revisions"}],"predecessor-version":[{"id":198,"href":"http:\/\/www.camiyazilari.com\/index.php?rest_route=\/wp\/v2\/pages\/2\/revisions\/198"}],"wp:attachment":[{"href":"http:\/\/www.camiyazilari.com\/index.php?rest_route=%2Fwp%2Fv2%2Fmedia&parent=2"}],"curies":[{"name":"wp","href":"https:\/\/api.w.org\/{rel}","templated":true}]}}